{"id":229901,"date":"2023-06-12T13:05:40","date_gmt":"2023-06-12T11:05:40","guid":{"rendered":"https:\/\/presenttrade.cz\/?page_id=229901"},"modified":"2023-06-12T13:43:52","modified_gmt":"2023-06-12T11:43:52","slug":"fotovoltaika","status":"publish","type":"page","link":"https:\/\/presenttrade.cz\/index.php\/fotovoltaika\/","title":{"rendered":"Fotovoltaika"},"content":{"rendered":"<p>[et_pb_section fb_built=&#8220;1&#8243; custom_padding_last_edited=&#8220;off|desktop&#8220; _builder_version=&#8220;4.20.4&#8243; _module_preset=&#8220;default&#8220; use_background_color_gradient=&#8220;on&#8220; background_color_gradient_stops=&#8220;rgba(0,0,0,0.43) 0%|rgba(0,0,0,0.43) 100%&#8220; background_color_gradient_overlays_image=&#8220;on&#8220; background_color_gradient_start=&#8220;rgba(0,0,0,0.09)&#8220; background_color_gradient_end=&#8220;rgba(0,0,0,0.09)&#8220; background_image=&#8220;http:\/\/presenttrade.cz\/wp-content\/uploads\/2023\/06\/solary.jpg&#8220; custom_padding=&#8220;8vh||8vh||true|false&#8220; custom_padding_tablet=&#8220;15vh||15vh||true|false&#8220; custom_padding_phone=&#8220;12vh||12vh||true|false&#8220; hover_enabled=&#8220;0&#8243; global_colors_info=&#8220;{}&#8220; theme_builder_area=&#8220;post_content&#8220; sticky_enabled=&#8220;0&#8243; title_text=&#8220;solary&#8220;][et_pb_row use_custom_gutter=&#8220;on&#8220; gutter_width=&#8220;2&#8243; make_equal=&#8220;on&#8220; _builder_version=&#8220;4.16&#8243; _module_preset=&#8220;default&#8220; width=&#8220;90%&#8220; width_tablet=&#8220;90%&#8220; width_phone=&#8220;90%&#8220; width_last_edited=&#8220;on|tablet&#8220; max_width=&#8220;1170px&#8220; max_width_tablet=&#8220;90%&#8220; max_width_phone=&#8220;90%&#8220; max_width_last_edited=&#8220;on|desktop&#8220; custom_padding=&#8220;0px||0px||false|false&#8220; animation_style=&#8220;slide&#8220; animation_direction=&#8220;top&#8220; global_colors_info=&#8220;{}&#8220; theme_builder_area=&#8220;post_content&#8220;][et_pb_column type=&#8220;4_4&#8243; _builder_version=&#8220;4.16&#8243; _module_preset=&#8220;default&#8220; global_colors_info=&#8220;{}&#8220; theme_builder_area=&#8220;post_content&#8220;][et_pb_text _builder_version=&#8220;4.20.4&#8243; _module_preset=&#8220;default&#8220; text_font=&#8220;Roboto Condensed|700|||||||&#8220; text_text_color=&#8220;#FFFFFF&#8220; text_font_size=&#8220;15px&#8220; text_line_height=&#8220;1em&#8220; global_colors_info=&#8220;{}&#8220; theme_builder_area=&#8220;post_content&#8220;]<\/p>\n<p>Present Trade, s.r.o.<\/p>\n<p>[\/et_pb_text][et_pb_text _builder_version=&#8220;4.20.4&#8243; _module_preset=&#8220;default&#8220; header_font=&#8220;Barlow|800|||||||&#8220; header_text_align=&#8220;left&#8220; header_text_color=&#8220;#FFFFFF&#8220; header_font_size=&#8220;75px&#8220; header_line_height=&#8220;1.1em&#8220; custom_margin=&#8220;-10px||||false|false&#8220; custom_margin_tablet=&#8220;-20px||||false|false&#8220; custom_margin_phone=&#8220;-20px||||false|false&#8220; custom_margin_last_edited=&#8220;on|phone&#8220; hover_enabled=&#8220;0&#8243; header_font_size_tablet=&#8220;50px&#8220; header_font_size_phone=&#8220;35px&#8220; header_font_size_last_edited=&#8220;on|phone&#8220; global_colors_info=&#8220;{}&#8220; theme_builder_area=&#8220;post_content&#8220; sticky_enabled=&#8220;0&#8243;]<\/p>\n<h1><strong>Fotovoltaika <\/strong>&#8211; p\u0159em\u011bna slune\u010dn\u00ed energie na energii elektrickou<\/h1>\n<p>[\/et_pb_text][\/et_pb_column][\/et_pb_row][\/et_pb_section][et_pb_section fb_built=&#8220;1&#8243; _builder_version=&#8220;4.16&#8243; _module_preset=&#8220;default&#8220; use_background_color_gradient=&#8220;on&#8220; background_color_gradient_stops=&#8220;rgba(71,161,69,0.88) 0%|rgba(71,161,69,0.88) 100%&#8220; background_color_gradient_overlays_image=&#8220;on&#8220; background_color_gradient_start=&#8220;rgba(71,161,69,0.88)&#8220; background_color_gradient_end=&#8220;rgba(71,161,69,0.88)&#8220; background_image=&#8220;http:\/\/presenttrade.cz\/wp-content\/uploads\/2023\/05\/technology-46-5.jpg&#8220; custom_padding=&#8220;1px||52px||false|false&#8220; global_colors_info=&#8220;{}&#8220; theme_builder_area=&#8220;post_content&#8220;][et_pb_row column_structure=&#8220;1_4,1_4,1_4,1_4&#8243; use_custom_gutter=&#8220;on&#8220; gutter_width=&#8220;2&#8243; make_equal=&#8220;on&#8220; _builder_version=&#8220;4.20.4&#8243; _module_preset=&#8220;default&#8220; z_index=&#8220;159&#8243; width=&#8220;90%&#8220; width_tablet=&#8220;90%&#8220; width_phone=&#8220;90%&#8220; width_last_edited=&#8220;on|tablet&#8220; max_width=&#8220;1470px&#8220; max_width_tablet=&#8220;90%&#8220; max_width_phone=&#8220;90%&#8220; max_width_last_edited=&#8220;on|desktop&#8220; custom_margin=&#8220;-70px||||false|false&#8220; custom_padding=&#8220;0px||0px||false|false&#8220; hover_enabled=&#8220;0&#8243; global_colors_info=&#8220;{}&#8220; theme_builder_area=&#8220;post_content&#8220; sticky_enabled=&#8220;0&#8243;][et_pb_column type=&#8220;1_4&#8243; _builder_version=&#8220;4.16&#8243; _module_preset=&#8220;default&#8220; animation_style=&#8220;slide&#8220; animation_delay=&#8220;500ms&#8220; global_colors_info=&#8220;{}&#8220; theme_builder_area=&#8220;post_content&#8220;][et_pb_blurb title=&#8220;Prvn\u00edm krokem je bezplatn\u00e1 konzultace s na\u0161imi odborn\u00edky.&#8220; use_icon=&#8220;on&#8220; font_icon=&#8220;&#x77;||divi||400&#8243; icon_color=&#8220;#2aa830&#8243; image_icon_width=&#8220;65px&#8220; icon_alignment=&#8220;left&#8220; content_max_width=&#8220;100%&#8220; _builder_version=&#8220;4.20.4&#8243; _module_preset=&#8220;default&#8220; header_font=&#8220;Barlow|700|||||||&#8220; header_font_size=&#8220;22px&#8220; header_letter_spacing=&#8220;1px&#8220; body_font=&#8220;Barlow|600|||||||&#8220; body_text_align=&#8220;left&#8220; body_text_color=&#8220;#484848&#8243; body_font_size=&#8220;16px&#8220; body_line_height=&#8220;1.3em&#8220; background_color=&#8220;#FFFFFF&#8220; custom_padding=&#8220;40px|40px|38px|40px|false|true&#8220; animation=&#8220;off&#8220; hover_enabled=&#8220;0&#8243; border_radii=&#8220;on|4px|4px|4px|4px&#8220; image_max_width=&#8220;65px&#8220; global_colors_info=&#8220;{}&#8220; theme_builder_area=&#8220;post_content&#8220; header_line_height=&#8220;1.3em&#8220; sticky_enabled=&#8220;0&#8243;]<\/p>\n<p>V\u0161e v\u00e1m vysv\u011btl\u00edme, porad\u00edme a doporu\u010d\u00edme nejvhodn\u011bj\u0161\u00ed \u0159e\u0161en\u00ed.<\/p>\n<p>[\/et_pb_blurb][\/et_pb_column][et_pb_column type=&#8220;1_4&#8243; _builder_version=&#8220;4.16&#8243; _module_preset=&#8220;default&#8220; animation_style=&#8220;slide&#8220; animation_delay=&#8220;500ms&#8220; global_colors_info=&#8220;{}&#8220; theme_builder_area=&#8220;post_content&#8220;][et_pb_blurb title=&#8220;Bezplatn\u00e9 zam\u011b\u0159en\u00ed a p\u0159\u00edprava dokumentace&#8220; use_icon=&#8220;on&#8220; font_icon=&#8220;&#x30;||divi||400&#8243; icon_color=&#8220;#2aa830&#8243; image_icon_width=&#8220;65px&#8220; icon_alignment=&#8220;left&#8220; content_max_width=&#8220;100%&#8220; _builder_version=&#8220;4.20.4&#8243; _module_preset=&#8220;default&#8220; header_font=&#8220;Barlow|700|||||||&#8220; header_font_size=&#8220;22px&#8220; header_letter_spacing=&#8220;1px&#8220; body_font=&#8220;Barlow|600|||||||&#8220; body_text_align=&#8220;left&#8220; body_text_color=&#8220;#484848&#8243; body_font_size=&#8220;16px&#8220; body_line_height=&#8220;1.3em&#8220; background_color=&#8220;#FFFFFF&#8220; custom_padding=&#8220;40px|40px|38px|40px|false|true&#8220; animation=&#8220;off&#8220; hover_enabled=&#8220;0&#8243; border_radii=&#8220;on|4px|4px|4px|4px&#8220; image_max_width=&#8220;65px&#8220; global_colors_info=&#8220;{}&#8220; theme_builder_area=&#8220;post_content&#8220; header_line_height=&#8220;1.3em&#8220; sticky_enabled=&#8220;0&#8243;]<\/p>\n<p>N\u00e1sleduje bezplatn\u00e9 zam\u011b\u0159en\u00ed va\u0161\u00ed st\u00e1vaj\u00edc\u00ed st\u0159echy pomoc\u00ed slu\u017eby a p\u0159iprav\u00edme projektovou dokumentaci pro dotaci i samotnou realizaci.<\/p>\n<p>[\/et_pb_blurb][\/et_pb_column][et_pb_column type=&#8220;1_4&#8243; _builder_version=&#8220;4.16&#8243; _module_preset=&#8220;default&#8220; animation_style=&#8220;slide&#8220; animation_delay=&#8220;500ms&#8220; global_colors_info=&#8220;{}&#8220; theme_builder_area=&#8220;post_content&#8220;][et_pb_blurb title=&#8220;Vy\u0159\u00edd\u00edme v\u00e1m dotaci&#8220; use_icon=&#8220;on&#8220; font_icon=&#8220;&#x6e;||divi||400&#8243; icon_color=&#8220;#2aa830&#8243; image_icon_width=&#8220;65px&#8220; icon_alignment=&#8220;left&#8220; content_max_width=&#8220;100%&#8220; _builder_version=&#8220;4.20.4&#8243; _module_preset=&#8220;default&#8220; header_font=&#8220;Barlow|700|||||||&#8220; header_font_size=&#8220;22px&#8220; header_letter_spacing=&#8220;1px&#8220; body_font=&#8220;Barlow|600|||||||&#8220; body_text_align=&#8220;left&#8220; body_text_color=&#8220;#484848&#8243; body_font_size=&#8220;16px&#8220; body_line_height=&#8220;1.3em&#8220; background_color=&#8220;#FFFFFF&#8220; custom_padding=&#8220;40px|40px|38px|40px|false|true&#8220; animation=&#8220;off&#8220; hover_enabled=&#8220;0&#8243; border_radii=&#8220;on|4px|4px|4px|4px&#8220; image_max_width=&#8220;65px&#8220; global_colors_info=&#8220;{}&#8220; theme_builder_area=&#8220;post_content&#8220; header_line_height=&#8220;1.3em&#8220; sticky_enabled=&#8220;0&#8243;]<\/p>\n<p><strong>Vy\u0159\u00edd\u00edme v\u00e1m dotaci<\/strong> a ve\u0161ker\u00e9 administrativn\u00ed kroky spojen\u00e9 s instalac\u00ed fotovoltaick\u00e9 elektr\u00e1rny.<\/p>\n<p>[\/et_pb_blurb][\/et_pb_column][et_pb_column type=&#8220;1_4&#8243; _builder_version=&#8220;4.16&#8243; _module_preset=&#8220;default&#8220; animation_style=&#8220;slide&#8220; animation_delay=&#8220;500ms&#8220; global_colors_info=&#8220;{}&#8220; theme_builder_area=&#8220;post_content&#8220;][et_pb_blurb title=&#8220;Profesion\u00e1ln\u00ed instalace a za\u0161kolen\u00ed&#8220; use_icon=&#8220;on&#8220; font_icon=&#8220;&#xf274;||fa||400&#8243; icon_color=&#8220;#2aa830&#8243; image_icon_width=&#8220;65px&#8220; icon_alignment=&#8220;left&#8220; content_max_width=&#8220;100%&#8220; _builder_version=&#8220;4.20.4&#8243; _module_preset=&#8220;default&#8220; header_font=&#8220;Barlow|700|||||||&#8220; header_font_size=&#8220;22px&#8220; header_letter_spacing=&#8220;1px&#8220; body_font=&#8220;Barlow|600|||||||&#8220; body_text_align=&#8220;left&#8220; body_text_color=&#8220;#484848&#8243; body_font_size=&#8220;16px&#8220; body_line_height=&#8220;1.3em&#8220; background_color=&#8220;#FFFFFF&#8220; custom_padding=&#8220;40px|40px|38px|40px|false|true&#8220; animation=&#8220;off&#8220; hover_enabled=&#8220;0&#8243; border_radii=&#8220;on|4px|4px|4px|4px&#8220; image_max_width=&#8220;65px&#8220; global_colors_info=&#8220;{}&#8220; theme_builder_area=&#8220;post_content&#8220; header_line_height=&#8220;1.3em&#8220; sticky_enabled=&#8220;0&#8243;]<\/p>\n<p>Dod\u00e1me a profesion\u00e1ln\u011b nainstalujeme fotovoltaickou elektr\u00e1rnu na v\u00e1\u0161 d\u016fm. Pot\u00e9 V\u0161e p\u0159edvedeme a za\u0161kol\u00edme v\u00e1s.<\/p>\n<p>[\/et_pb_blurb][\/et_pb_column][\/et_pb_row][et_pb_row use_custom_gutter=&#8220;on&#8220; gutter_width=&#8220;2&#8243; make_equal=&#8220;on&#8220; _builder_version=&#8220;4.16&#8243; _module_preset=&#8220;default&#8220; width=&#8220;90%&#8220; width_tablet=&#8220;90%&#8220; width_phone=&#8220;90%&#8220; width_last_edited=&#8220;on|tablet&#8220; max_width=&#8220;1170px&#8220; max_width_tablet=&#8220;90%&#8220; max_width_phone=&#8220;90%&#8220; max_width_last_edited=&#8220;on|desktop&#8220; custom_padding=&#8220;50px||15px||false|false&#8220; global_colors_info=&#8220;{}&#8220; theme_builder_area=&#8220;post_content&#8220;][et_pb_column type=&#8220;4_4&#8243; _builder_version=&#8220;4.16&#8243; _module_preset=&#8220;default&#8220; global_colors_info=&#8220;{}&#8220; theme_builder_area=&#8220;post_content&#8220;][et_pb_text _builder_version=&#8220;4.20.4&#8243; _module_preset=&#8220;default&#8220; text_font=&#8220;Roboto Condensed|700|||||||&#8220; text_text_color=&#8220;#FFFFFF&#8220; text_font_size=&#8220;15px&#8220; text_line_height=&#8220;1em&#8220; text_orientation=&#8220;center&#8220; max_width=&#8220;350px&#8220; module_alignment=&#8220;center&#8220; custom_padding=&#8220;15px|10px|15px|10px|true|true&#8220; link_option_url=&#8220;#sluzby&#8220; text_line_height_tablet=&#8220;&#8220; text_line_height_phone=&#8220;1.8em&#8220; text_line_height_last_edited=&#8220;on|phone&#8220; border_width_all=&#8220;2px&#8220; border_color_all=&#8220;#F8F8F8&#8243; global_colors_info=&#8220;{}&#8220; theme_builder_area=&#8220;post_content&#8220;]<\/p>\n<p>Kompletn\u00ed nab\u00eddka slu\u017eeb\u00a0 \u2192<\/p>\n<p>[\/et_pb_text][\/et_pb_column][\/et_pb_row][\/et_pb_section][et_pb_section fb_built=&#8220;1&#8243; _builder_version=&#8220;4.16&#8243; _module_preset=&#8220;default&#8220; custom_padding=&#8220;100px||0px|||&#8220; global_colors_info=&#8220;{}&#8220; theme_builder_area=&#8220;post_content&#8220;][et_pb_row use_custom_gutter=&#8220;on&#8220; gutter_width=&#8220;2&#8243; make_equal=&#8220;on&#8220; _builder_version=&#8220;4.20.4&#8243; _module_preset=&#8220;default&#8220; width=&#8220;90%&#8220; width_tablet=&#8220;90%&#8220; width_phone=&#8220;90%&#8220; width_last_edited=&#8220;on|tablet&#8220; max_width=&#8220;1170px&#8220; max_width_tablet=&#8220;90%&#8220; max_width_phone=&#8220;90%&#8220; max_width_last_edited=&#8220;on|desktop&#8220; custom_padding=&#8220;0px||40px|||&#8220; hover_enabled=&#8220;0&#8243; global_colors_info=&#8220;{}&#8220; theme_builder_area=&#8220;post_content&#8220; custom_margin=&#8220;||5vh||false|false&#8220; sticky_enabled=&#8220;0&#8243;][et_pb_column type=&#8220;4_4&#8243; _builder_version=&#8220;4.16&#8243; _module_preset=&#8220;default&#8220; global_colors_info=&#8220;{}&#8220; theme_builder_area=&#8220;post_content&#8220;][et_pb_text _builder_version=&#8220;4.20.4&#8243; _module_preset=&#8220;default&#8220; header_3_font=&#8220;Barlow|700|||||||&#8220; header_3_text_align=&#8220;center&#8220; header_3_text_color=&#8220;#0e2b3d&#8220; header_3_font_size=&#8220;38px&#8220; header_3_line_height=&#8220;1.3em&#8220; max_width=&#8220;612px&#8220; module_alignment=&#8220;center&#8220; custom_margin=&#8220;-5px||||false|false&#8220; custom_margin_tablet=&#8220;-15px||||false|false&#8220; custom_margin_phone=&#8220;-15px||||false|false&#8220; custom_margin_last_edited=&#8220;on|phone&#8220; hover_enabled=&#8220;0&#8243; header_3_font_size_tablet=&#8220;&#8220; header_3_font_size_phone=&#8220;30px&#8220; header_3_font_size_last_edited=&#8220;on|phone&#8220; global_colors_info=&#8220;{}&#8220; theme_builder_area=&#8220;post_content&#8220; sticky_enabled=&#8220;0&#8243;]<\/p>\n<h3>Fotovoltaika &#8211; vyu\u017eijte slunce ve V\u00e1\u0161 prosp\u011bch<\/h3>\n<p>[\/et_pb_text][et_pb_text _builder_version=&#8220;4.20.4&#8243; _module_preset=&#8220;default&#8220; text_font=&#8220;Roboto Condensed||||||||&#8220; text_text_color=&#8220;#484848&#8243; text_font_size=&#8220;14.1px&#8220; text_line_height=&#8220;1.8em&#8220; text_orientation=&#8220;center&#8220; custom_margin=&#8220;18px||||false|false&#8220; custom_margin_tablet=&#8220;-8px||||false|false&#8220; custom_margin_phone=&#8220;-8px||||false|false&#8220; custom_margin_last_edited=&#8220;on|phone&#8220; hover_enabled=&#8220;0&#8243; global_colors_info=&#8220;{}&#8220; theme_builder_area=&#8220;post_content&#8220; sticky_enabled=&#8220;0&#8243;]<\/p>\n<p><strong>Fotovoltaika<\/strong> je zkr\u00e1cen\u011b p\u0159em\u011bna slune\u010dn\u00ed energie na energii elektrickou. Tento proces se odehr\u00e1v\u00e1 ve fotovoltaick\u00fdch \u010dl\u00e1nc\u00edch, kter\u00e9 jsou slo\u017eeny z polovodi\u010dov\u00fdch materi\u00e1l\u016f, jako je k\u0159em\u00edk. Kdy\u017e na tyto \u010dl\u00e1nky dopad\u00e1 sv\u011btlo, uvol\u0148uje elektrony a vytv\u00e1\u0159\u00ed elektrick\u00fd proud. Fotovoltaika je nevy\u010derpateln\u00fd a obnoviteln\u00fd zdroj elekt\u0159iny, kter\u00fd m\u016f\u017ee sni\u017eovat z\u00e1vislost na fosiln\u00edch palivech a emise sklen\u00edkov\u00fdch plyn\u016f. Fotovoltaick\u00e9 syst\u00e9my mohou b\u00fdt p\u0159ipojeny k s\u00edti nebo fungovat jako ostrovn\u00ed syst\u00e9my s bateriemi. Fotovoltaika je vyu\u017e\u00edv\u00e1na v dom\u00e1cnostech, pr\u016fmyslu, zem\u011bd\u011blstv\u00ed i ve vesm\u00edru.<\/p>\n<p>[\/et_pb_text][\/et_pb_column][\/et_pb_row][et_pb_row use_custom_gutter=&#8220;on&#8220; gutter_width=&#8220;2&#8243; make_equal=&#8220;on&#8220; _builder_version=&#8220;4.16&#8243; _module_preset=&#8220;default&#8220; width=&#8220;90%&#8220; width_tablet=&#8220;90%&#8220; width_phone=&#8220;90%&#8220; width_last_edited=&#8220;on|tablet&#8220; max_width=&#8220;1170px&#8220; max_width_tablet=&#8220;90%&#8220; max_width_phone=&#8220;90%&#8220; max_width_last_edited=&#8220;on|desktop&#8220; custom_padding=&#8220;0px||40px|||&#8220; global_colors_info=&#8220;{}&#8220; theme_builder_area=&#8220;post_content&#8220; custom_margin=&#8220;||5vh||false|false&#8220;][et_pb_column type=&#8220;4_4&#8243; _builder_version=&#8220;4.16&#8243; _module_preset=&#8220;default&#8220; global_colors_info=&#8220;{}&#8220; theme_builder_area=&#8220;post_content&#8220;][et_pb_text _builder_version=&#8220;4.20.4&#8243; _module_preset=&#8220;default&#8220; header_3_font=&#8220;Barlow|700|||||||&#8220; header_3_text_align=&#8220;center&#8220; header_3_text_color=&#8220;#0e2b3d&#8220; header_3_font_size=&#8220;38px&#8220; header_3_line_height=&#8220;1.3em&#8220; max_width=&#8220;612px&#8220; module_alignment=&#8220;center&#8220; custom_margin=&#8220;-5px||||false|false&#8220; custom_margin_tablet=&#8220;-15px||||false|false&#8220; custom_margin_phone=&#8220;-15px||||false|false&#8220; custom_margin_last_edited=&#8220;on|phone&#8220; hover_enabled=&#8220;0&#8243; header_3_font_size_tablet=&#8220;&#8220; header_3_font_size_phone=&#8220;30px&#8220; header_3_font_size_last_edited=&#8220;on|phone&#8220; global_colors_info=&#8220;{}&#8220; theme_builder_area=&#8220;post_content&#8220; sticky_enabled=&#8220;0&#8243;]<\/p>\n<h3><strong>Sol\u00e1rn\u00ed oh\u0159ev vody<\/strong><\/h3>\n<p>[\/et_pb_text][et_pb_text _builder_version=&#8220;4.20.4&#8243; _module_preset=&#8220;default&#8220; text_font=&#8220;Roboto Condensed||||||||&#8220; text_text_color=&#8220;#484848&#8243; text_font_size=&#8220;14.1px&#8220; text_line_height=&#8220;1.8em&#8220; text_orientation=&#8220;center&#8220; custom_margin=&#8220;18px||||false|false&#8220; custom_margin_tablet=&#8220;-8px||||false|false&#8220; custom_margin_phone=&#8220;-8px||||false|false&#8220; custom_margin_last_edited=&#8220;on|phone&#8220; hover_enabled=&#8220;0&#8243; global_colors_info=&#8220;{}&#8220; theme_builder_area=&#8220;post_content&#8220; sticky_enabled=&#8220;0&#8243; ul_text_color=&#8220;#484848&#8243; ul_line_height=&#8220;2.5em&#8220; ul_type=&#8220;none&#8220;]<\/p>\n<p><strong>Sol\u00e1rn\u00ed oh\u0159ev vody<\/strong> je zp\u016fsob, jak vyu\u017e\u00edt slune\u010dn\u00ed energii pro oh\u0159ev u\u017eitkov\u00e9 vody v dom\u011b nebo v podniku. Sol\u00e1rn\u00ed oh\u0159ev vody m\u00e1 n\u011bkolik v\u00fdhod, jako jsou:<\/p>\n<ul>\n<li><strong>N\u00edzk\u00e9 provozn\u00ed n\u00e1klady<\/strong> \u2013 slune\u010dn\u00ed energie je zdarma a nevy\u017eaduje \u017e\u00e1dn\u00e9 palivo.<\/li>\n<li><strong>Obnovitelnost a nevy\u010derpatelnost<\/strong> \u2013 slunce je \u010dist\u00fd a nekone\u010dn\u00fd zdroj energie, kter\u00fd neprodukuje \u017e\u00e1dn\u00e9 emise sklen\u00edkov\u00fdch plyn\u016f.<\/li>\n<li><strong>Bezprobl\u00e9mov\u00e1 mont\u00e1\u017e a obsluha<\/strong> \u2013 sol\u00e1rn\u00ed syst\u00e9my pro oh\u0159ev vody jsou jednoduch\u00e9 na instalaci\u00a0\u00a0 a nevy\u017eaduj\u00ed \u010dastou \u00fadr\u017ebu.<\/li>\n<li><strong>Celoro\u010dn\u00ed p\u0159\u00edstup k tepl\u00e9 vod\u011b<\/strong> \u2013 sol\u00e1rn\u00ed syst\u00e9my pro oh\u0159ev vody funguj\u00ed po cel\u00fd rok, i kdy\u017e je obloha zamra\u010den\u00e1 nebo mrzne.<\/li>\n<\/ul>\n<p>[\/et_pb_text][\/et_pb_column][\/et_pb_row][et_pb_row use_custom_gutter=&#8220;on&#8220; gutter_width=&#8220;2&#8243; make_equal=&#8220;on&#8220; _builder_version=&#8220;4.16&#8243; _module_preset=&#8220;default&#8220; width=&#8220;90%&#8220; width_tablet=&#8220;90%&#8220; width_phone=&#8220;90%&#8220; width_last_edited=&#8220;on|tablet&#8220; max_width=&#8220;1170px&#8220; max_width_tablet=&#8220;90%&#8220; max_width_phone=&#8220;90%&#8220; max_width_last_edited=&#8220;on|desktop&#8220; custom_padding=&#8220;0px||40px|||&#8220; global_colors_info=&#8220;{}&#8220; theme_builder_area=&#8220;post_content&#8220; custom_margin=&#8220;||5vh||false|false&#8220;][et_pb_column type=&#8220;4_4&#8243; _builder_version=&#8220;4.16&#8243; _module_preset=&#8220;default&#8220; global_colors_info=&#8220;{}&#8220; theme_builder_area=&#8220;post_content&#8220;][et_pb_text _builder_version=&#8220;4.20.4&#8243; _module_preset=&#8220;default&#8220; header_3_font=&#8220;Barlow|700|||||||&#8220; header_3_text_align=&#8220;center&#8220; header_3_text_color=&#8220;#0e2b3d&#8220; header_3_font_size=&#8220;38px&#8220; header_3_line_height=&#8220;1.3em&#8220; max_width=&#8220;612px&#8220; module_alignment=&#8220;center&#8220; custom_margin=&#8220;-5px||||false|false&#8220; custom_margin_tablet=&#8220;-15px||||false|false&#8220; custom_margin_phone=&#8220;-15px||||false|false&#8220; custom_margin_last_edited=&#8220;on|phone&#8220; hover_enabled=&#8220;0&#8243; header_3_font_size_tablet=&#8220;&#8220; header_3_font_size_phone=&#8220;30px&#8220; header_3_font_size_last_edited=&#8220;on|phone&#8220; global_colors_info=&#8220;{}&#8220; theme_builder_area=&#8220;post_content&#8220; sticky_enabled=&#8220;0&#8243;]<\/p>\n<h3><strong>Tepeln\u00e9 \u010derpadlo<\/strong><\/h3>\n<p>[\/et_pb_text][et_pb_text _builder_version=&#8220;4.20.4&#8243; _module_preset=&#8220;default&#8220; text_font=&#8220;Roboto Condensed||||||||&#8220; text_text_color=&#8220;#484848&#8243; text_font_size=&#8220;14.1px&#8220; text_line_height=&#8220;1.8em&#8220; text_orientation=&#8220;center&#8220; custom_margin=&#8220;18px||||false|false&#8220; custom_margin_tablet=&#8220;-8px||||false|false&#8220; custom_margin_phone=&#8220;-8px||||false|false&#8220; custom_margin_last_edited=&#8220;on|phone&#8220; hover_enabled=&#8220;0&#8243; global_colors_info=&#8220;{}&#8220; theme_builder_area=&#8220;post_content&#8220; sticky_enabled=&#8220;0&#8243; ul_text_color=&#8220;#484848&#8243; ul_line_height=&#8220;2.5em&#8220; ul_type=&#8220;none&#8220;]<\/p>\n<p><strong>Tepeln\u00e9 \u010derpadlo<\/strong> je za\u0159\u00edzen\u00ed, kter\u00e9 vyu\u017e\u00edv\u00e1 obnoviteln\u00e9 zdroje energie k vyt\u00e1p\u011bn\u00ed a oh\u0159evu vody. Mezi hlavn\u00ed p\u0159ednosti tepeln\u00e9ho \u010derpadla pat\u0159\u00ed:<\/p>\n<ul>\n<li><strong>\u00daspora n\u00e1klad\u016f<\/strong> na energii a sn\u00ed\u017een\u00ed emis\u00ed sklen\u00edkov\u00fdch plyn\u016f<\/li>\n<li><strong>Dlouh\u00e1 \u017eivotnos<\/strong>t a n\u00edzk\u00e9 n\u00e1roky na \u00fadr\u017ebu<\/li>\n<li><strong>Nez\u00e1vislost<\/strong> na dod\u00e1vk\u00e1ch plynu nebo elekt\u0159iny<\/li>\n<li><strong>Mo\u017enost kombinace<\/strong> s dal\u0161\u00edmi zdroji tepla, nap\u0159\u00edklad sol\u00e1rn\u00edmi panely nebo kotlem<\/li>\n<\/ul>\n<p>[\/et_pb_text][\/et_pb_column][\/et_pb_row][\/et_pb_section]<\/p>\n","protected":false},"excerpt":{"rendered":"<p>Present Trade, s.r.o.Fotovoltaika &#8211; p\u0159em\u011bna slune\u010dn\u00ed energie na energii elektrickouV\u0161e v\u00e1m vysv\u011btl\u00edme, porad\u00edme a doporu\u010d\u00edme nejvhodn\u011bj\u0161\u00ed \u0159e\u0161en\u00ed.N\u00e1sleduje bezplatn\u00e9 zam\u011b\u0159en\u00ed va\u0161\u00ed st\u00e1vaj\u00edc\u00ed st\u0159echy pomoc\u00ed slu\u017eby a p\u0159iprav\u00edme projektovou dokumentaci pro dotaci i samotnou realizaci.Vy\u0159\u00edd\u00edme v\u00e1m dotaci a ve\u0161ker\u00e9 administrativn\u00ed kroky spojen\u00e9 s instalac\u00ed fotovoltaick\u00e9 elektr\u00e1rny.Dod\u00e1me a profesion\u00e1ln\u011b nainstalujeme fotovoltaickou elektr\u00e1rnu na v\u00e1\u0161 d\u016fm. Pot\u00e9 V\u0161e p\u0159edvedeme [&hellip;]<\/p>\n","protected":false},"author":2,"featured_media":0,"parent":0,"menu_order":0,"comment_status":"closed","ping_status":"closed","template":"","meta":{"_et_pb_use_builder":"on","_et_pb_old_content":"","_et_gb_content_width":"","footnotes":""},"class_list":["post-229901","page","type-page","status-publish","hentry"],"_links":{"self":[{"href":"https:\/\/presenttrade.cz\/index.php\/wp-json\/wp\/v2\/pages\/229901"}],"collection":[{"href":"https:\/\/presenttrade.cz\/index.php\/wp-json\/wp\/v2\/pages"}],"about":[{"href":"https:\/\/presenttrade.cz\/index.php\/wp-json\/wp\/v2\/types\/page"}],"author":[{"embeddable":true,"href":"https:\/\/presenttrade.cz\/index.php\/wp-json\/wp\/v2\/users\/2"}],"replies":[{"embeddable":true,"href":"https:\/\/presenttrade.cz\/index.php\/wp-json\/wp\/v2\/comments?post=229901"}],"version-history":[{"count":3,"href":"https:\/\/presenttrade.cz\/index.php\/wp-json\/wp\/v2\/pages\/229901\/revisions"}],"predecessor-version":[{"id":229906,"href":"https:\/\/presenttrade.cz\/index.php\/wp-json\/wp\/v2\/pages\/229901\/revisions\/229906"}],"wp:attachment":[{"href":"https:\/\/presenttrade.cz\/index.php\/wp-json\/wp\/v2\/media?parent=229901"}],"curies":[{"name":"wp","href":"https:\/\/api.w.org\/{rel}","templated":true}]}}